386)/(-6). List the prime factors of (n/(-4))/((-4)/z).
2
Suppose -v = 4*s - 5 - 3, 0 = 5*s. What are the prime factors of v?
2
Let t(b) = -b**3 - 17*b**2 + 37*b + 4. List the prime factors of t(-19).
23
Suppose 2*v - 4*p + 40 = 6*v, 3*v - 5*p - 70 = 0. Suppose -2*l - 5*w + 3 - 10 = 0, -5*w = v. What are the prime factors of l?
2
Let k be (-2)/3 - 2/(-3). Let o be 3*(-3)/(-18)*k. Let u = 3 - o. What are the prime factors of u?
3
Let u(f) = -f**3 + 22*f**2 - 28*f + 4. List the prime factors of u(20).
2, 61
Suppose -16 = -0*k + 2*k. Let t = 8 - k. List the prime factors of t.
2
Let r(x) be the third derivative of 31*x**6/120 + x**5/60 - x**4/12 + x**3/6 - 2*x**2. What are the prime factors of r(1)?
31
Suppose 3*o + 20 = 4*x + 7*o, 2*o = -5*x + 10. Let h = 2 + x. Suppose g + 8 = 4*g + h*t, t + 2 = 0. List the prime factors of g.
2
Let o = 2 + 1. Suppose -z + 25 = -o. List the prime factors of z.
2, 7
Suppose -4*s - 6 = -14. Let z be (-3)/(-2 - 1)*s. Let y = z - 0. List the prime factors of y.
2
Let w = 73 - -78. What are the prime factors of w?
151
What are the prime factors of 1031/6 + (-42)/(-36) + -1?
2, 43
Let c = -11 + 15. Let h be (20 - (c - 2)) + 2. Suppose 0*t - h = -2*t. What are the prime factors of t?
2, 5
Let z = 210 + 50. List the prime factors of z.
2, 5, 13
Suppose 5*p + 11 + 4 = 0. List the prime factors of (-12)/(-27)*p*-27.
2, 3
Let a(q) = -q - 1. Let z be a(0). List the prime factors of (z*10)/(-1)*1.
2, 5
Suppose -o = 2*o - 9. Let a be o/12 - 2/8. Let g = 12 - a. What are the prime factors of g?
2, 3
Suppose 2*i - 46 - 64 = 0. List the prime factors of i.
5, 11
Let c = 432 - 303. List the prime factors of c.
3, 43
Suppose -30 = -3*r + 3*l, 3*r - 2*l + 2 - 33 = 0. What are the prime factors of r?
11
Suppose -g = -3, 0*c - 435 = -4*c - g. What are the prime factors of c?
2, 3
Suppose 0 = -s + 2 + 1. Let z be 0 + (-3)/3*s. List the prime factors of (-2)/z + (-14)/(-6).
3
Suppose 4*h - 10 = -2. List the prime factors of h/(-10) - (-255)/25.
2, 5
Let v(d) = 11*d**3 + 8*d**2 + 6*d - 1. Let b(m) = -5*m**3 - 4*m**2 - 3*m. Let y(c) = 5*b(c) + 2*v(c). List the prime factors of y(-2).
2, 3
Let m(n) = n**3 + 3*n**2 - 2*n - 4. Let o be m(-4). Let s(a) = -a + 7. List the prime factors of s(o).
19
Suppose -5*i + r + 19 = 0, 2*r = -i - 4 - 1. Let c be (1 - 2) + -2 - i. Let s(d) = -3*d - 8. What are the prime factors of s(c)?
2, 5
Suppose -2*j + 169 = 8*g - 3*g, 3*g - 99 = -2*j. What are the prime factors of g?
5, 7
Suppose s - 1 = -6. Let l be (-5)/(s/(-2)) + 28. Suppose v - l = -2*r, v = 2*r - v - 14. What are the prime factors of r?
11
Let z = -1 + 0. Let s be (z/(-3))/(2/66). Suppose s = o - 0. List the prime factors of o.
11
Let r(x) = -x**2 - 11*x + 12. Let t be r(-12). List the prime factors of -4 + 27 - (1 - t).
2, 11
Let x(v) = 2 + 4 - v + 2*v - 6*v. Let p be x(5). Let y = -6 - p. List the prime factors of y.
13
Let v = -46 - -48. What are the prime factors of v?
2
Suppose 5*x + 11 = 26, -40 = -4*z - 4*x. Suppose 0 = 4*f + 4 - 24, -f = -4*h + z. Suppose 0 = h*s + 2*s - 105. What are the prime factors of s?
3, 7
Let i(q) = 8*q - 8. List the prime factors of i(6).
2, 5
Let o be (0 - -6)/((-3)/(-2)). Suppose -o*r + r = -39. List the prime factors of r.
13
Let o = 7 + -17. Let b = -8 - o. Suppose -2*r + 30 = -y, 0 = -5*r + b*r - 5*y + 19. What are the prime factors of r?
13
Suppose -h = -5*h + 60. What are the prime factors of 2 - (-5)/(h/6)?
2
Let q = 42 - 27. What are the prime factors of q?
3, 5
Let x be -63*(-4 + (-33)/(-9)). Let y = 2 + x. List the prime factors of y.
23
Suppose o + 4*q - 7 - 23 = 0, -4*o = 3*q - 81. Let y be (-1)/(-2) + (-118)/(-4). Let x = y - o. What are the prime factors of x?
2, 3
Let y(z) = -z**2 + 6*z + 1. Let w(n) = n**2 - 7*n + 11. Let g be w(6). List the prime factors of y(g).
2, 3
Let g(o) = -o**2 + 7*o + 5. Let u be g(7). Suppose -v - f = 11, -3*f - u = 4. Let m = 17 + v. What are the prime factors of m?
3
Let n = 1 - 10. Let w be (n + 12)*5/3. What are the prime factors of ((-2)/w)/((-3)/30)?
2
Let u(b) = b**3 - 7*b**2 + 6*b + 4. Let n be u(6). Suppose 0 = 3*l - 5*l + 22. Suppose -n*o = -31 + l. List the prime factors of o.
5
Suppose 0 = -3*s + 5*v + 139, 5*s + 5*v - 180 = 105. List the prime factors of s.
53
Let n be 0/(-2 - -1) - -5. What are the prime factors of (-2)/n + 104/10?
2, 5
Suppose 5*m - 902 = -87. List the prime factors of m.
163
Let s(i) = i**2 + 8*i + 7. Let c be s(-7). Suppose 40 = -c*f + f. Suppose 5*w + 0*w = f. What are the prime factors of w?
2
Let g(s) = -s**3 + 8*s**2 + 8*s + 8. Let t be g(9). What are the prime factors of t - -1 - (-14 - -1)?
13
Let v = -17 - -19. Suppose -89 = -4*x - 3*p, v*p - 17 - 9 = -x. List the prime factors of x.
2, 5
Let c(d) = 7*d + 5. Let p(f) = 6*f + 4. Let i(a) = -3*c(a) + 4*p(a). What are the prime factors of i(3)?
2, 5
Suppose 0 = -z - 5 - 0, c - 2*z - 54 = 0. List the prime factors of c.
2, 11
Suppose 3*a - 59 = 46. What are the prime factors of a?
5, 7
Suppose -4*c + 3*c = -101. Suppose -4*l = -c - 75. List the prime factors of l.
2, 11
Let w = 15 + -15. Suppose 4*x = -4*h + 136, w = 4*x - 0 + 4. What are the prime factors of h?
5, 7
Suppose -440 = -3*u - 2*u. What are the prime factors of u?
2, 11
Suppose -3*g + 5*g - 8 = 0. Suppose -r = -g - 27. List the prime factors of r.
31
Let r(p) = -p**2 + 5*p - 4. Let q be r(3). Suppose -2*m = 3*m + q*o - 70, 39 = 2*m + 3*o. What are the prime factors of m?
2, 3
Let w = 35 + 11. List the prime factors of w.
2, 23
Let k = 5 + -5. Suppose -x + 5*q + 2 = -k*q, -4*q + 8 = 0. Suppose -2*z = -s + x, 3 = 5*s - z - 12. List the prime factors of s.
2
Let j(y) = -y**2 - 3*y + 4. Let a be j(-4). Suppose 0*t - 3*t + 33 = a. List the prime factors of t.
11
Let r(a) = -a + 4. Let l be r(-5). Let g = l - 3. Suppose -4*t + 33 + 12 = -3*y, -5*y - g = t. List the prime factors of t.
3
Let r(n) be the third derivative of -n**6/120 + 7*n**5/60 - n**4/3 + n**3 + n**2. Suppose -5 = -5*y + 20. List the prime factors of r(y).
2
Suppose n = -2*i - 2*n + 37, -3 = -n. Suppose 5*d - 36 = i. List the prime factors of d.
2, 5
List the prime factors of 4 - 2 - ((-11 - -4) + 4).
5
Let i(j) = 22 + 2*j - j - 10. List the prime factors of i(0).
2, 3
Let r = 6 - -17. List the prime factors of r.
23
Suppose 0 = i - 4*u - 29, -i + 3*u + 33 = -2*u. Let b = i - 6. What are the prime factors of b?
7
Suppose -5*m + 9*m - 352 = 0. Let g = -46 + m. List the prime factors of g.
2, 3, 7
Let m = 90 - 51. List the prime factors of m.
3, 13
Let r(k) = -k**2 - 1 - 4 + 1 + 13 - k - k**3. Let l = -3 - -3. What are the prime factors of r(l)?
3
Let z be ((-4)/12)/(1/(-9)). Suppose -s = -z*s + 34. List the prime factors of s.
17
Suppose 6*y = 10*y - 604. What are the prime factors of y?
151
Let u(n) = 3*n + 3. Let j be u(4). Suppose -j = -h + 8. What are the prime factors of h?
23
Let z(f) = f**2 - 6*f + 14. List the prime factors of z(8).
2, 3, 5
Let a = 391 - 262. List the prime factors of a.
3, 43
Let f(u) be the third derivative of u**6/120 + 7*u**5/60 - u**4/24 - 5*u**3/6 - 3*u**2. Let l be f(-7). Suppose 39 - 5 = l*z. List the prime factors of z.
17
Suppose 459 = 8*m + 75. List the prime factors of m.
2, 3
Suppose -2*a = -78 + 14. What are the prime factors of a?
2
Let a = 16 + -9. Suppose -4*d - 5 = a. Let i = 1 - d. What are the prime factors of i?
2
Suppose -3*r + 4*o + 33 = 0, 57 = 3*r + 2*o + 2*o. Suppose -3*f = 2*y - 3, 2*f + 0*y - r = 3*y. Suppose 6 = f*v - 12. What are the prime factors of v?
2, 3
Suppose s = -4*f - 38, -116 = 4*s - 2*f + 6*f. List the prime factors of (-4)/s + 2898/91.
2
Suppose 16*u = 13*u + 186. What are the prime factors of u?
2, 31
Suppose -4*i = g + 2 - 26, 0 = -2*i + 8. Let f = 0 + g. List the prime factors of f.
2
Let g(y) be the second derivative of -y - 1/2*y**2 + 0 + 4/3*y**3. List the prime factors of g(1).
7
Let g = -20 - -20. Suppose 3*r - 2*l - 14 = g, 2*l = -3*r - 0*l + 22. List the prime factors of r.
2, 3
Suppose 7*v - 4*v - 3 = 0. What are the prime factors of (v - -16) + 3 + -1?
19
Let y = 112 - -45. What are the prime factors of y?
157
Suppose a + 2*j - 6*j = 266, -3*j - 532 = -2*a. Suppose 3*y + a = -22. What are the prime factors of y/(-10) - (-8)/20?
2, 5
What are the prime factors of (-2)/(-2) - (-26